
-7
Suppose -g + 1 = 3*t, t - g - 7 = -0*g. Let u(b) = 2*b - 6. Let w be u(4). Let p(v) = -3*v**2 - 1 + 0*v**t + 6*v**2 - w*v. Determine p(-2).
15
Let t = 6 + -4. Let g(b) be the third derivative of b**5/20 - b**4/6 + b**3/3 + 2*b**2 - 55*b. Determine g(t).
6
Let b(f) be the first derivative of -f**2 + f + 924. Let s be ((-4)/6)/((-4)/(-6)). What is b(s)?
3
Let q(p) be the first derivative of -7*p**2/2 - 6*p + 76. Determine q(-4).
22
Let u be (-3)/(-3) - 0 - (-3 - -7). Let w(l) = 4*l**3 + 11*l**2 - 4*l + 8. Let t(r) = 2*r**3 + 6*r**2 - 2*r + 4. Let b(j) = u*w(j) + 5*t(j). What is b(-3)?
17
Let g(u) = 5*u**2 - u - 5. Let l(k) = -11*k**2 + 2*k + 10. Let c(j) = 13*g(j) + 6*l(j). Let z = -14 - 14. Let d = z + 28. Give c(d).
-5
Let v(m) be the third derivative of -m**6/120 - m**5/5 + 11*m**4/24 - 9*m**3/2 - m**2 - 10. Determine v(-13).
-1
Let n(x) = -177*x**2 + 1 + 435*x**2 - 266*x**2. Suppose 5 = 3*o + 2. What is n(o)?
-7
Let k(b) be the first derivative of -b**3 - 3*b + 1/2*b**2 - 14 - 1/4*b**4. Determine k(-4).
9
Let i(j) = j**2 + 2*j - 7. Let p(u) be the third derivative of u**5/30 + u**4/8 - 7*u**3/6 + 9*u**2. Let l(z) = 3*i(z) - 2*p(z). Give l(0).
-7
Suppose -2*i - 3*s = -22, 3*s - 3 = 5*i - 16. Suppose 0 = -2*u - 3*u - i, 2*a = 4*u. Let y(v) = v**3 - v**2 - 3*v - 1. Calculate y(a).
-7
Let u(r) = r - 4. Suppose 2 - 34 = 8*l. Give u(l).
-8
Let g(c) = -28*c**2 - 16 + 45*c**2 + 9*c - 16*c**2. Calculate g(-11).
6
Let w(s) = 2*s**3 - 3*s**2 - 6*s**3 + 5*s**2 - 1. Let n(p) = -p - 22. Let r be n(-11). Let k = 12 + r. Give w(k).
-3
Let y(l) = l**3 - 8*l**2 + 6*l + 2. Let w = -8 - 8. Let b = w - -9. Let s be (b/6)/(2/(-12)). Give y(s).
-5
Let u be (40/(-12))/((-4)/6). Let i(j) be the second derivative of -j**5/20 + j**4/3 + j**3 - 2*j**2 - 131*j. Give i(u).
1
Suppose 8 = -12*z + 14*z. Let h(k) = -k**2 + 3*k - 4. What is h(z)?
-8
Let g be -5*((-4)/4 - 0). Let s(d) = 3*d + 1. Let q(b) = -2*b. Let p(t) = g*q(t) + 4*s(t). Let z = 6 - 3. Give p(z).
10
Let l(w) be the second derivative of 1/12*w**4 + 0 + w**3 - 1/2*w**2 - 7*w. Calculate l(-6).
-1
Let i = 2 + -2. Let r(l) be the second derivative of -l**3/6 - 15*l**2/2 + 4*l + 308. Calculate r(i).
-15
Suppose 0 = 2*t + 2*t. Suppose t = -h + 2*g + 14, 2*h - 3*g = -4 + 27. Let n(d) = 3 - 2*d + 4*d - 3*d. Determine n(h).
-1
Let b(q) = -q - 6. Let s(f) = 5*f - 32*f**2 + 15*f**2 + 18*f**2 - 13. Let x be s(-6). Calculate b(x).
1
Let l(t) be the second derivative of t**4/12 + 5*t**3/6 - 2*t**2 - 4*t - 4. Calculate l(-4).
-8
Let d(y) = 7 + 13*y + 23 - 2 - 4 + y**2. Give d(-10).
-6
Suppose -107*p + 113*p = 36. Let a(l) = -l**3 + 7*l**2 - 3*l - 3. What is a(p)?
15
Let d(x) = -3*x**2 + 2*x**2 + 2*x**2 + 7*x - 1 + 5. Let o be d(-7). Let f be o/(-20) - 38/10. Let l(y) = -2*y - 6. Give l(f).
2
Let b(w) = -2963*w - 9*w**2 - 2967*w + 5930*w + w**3 + 1. What is b(9)?
1
Let f be (-468)/(-225) + 16/(-200). Let o(j) = j**3 + j**2 - j - 3. Calculate o(f).
7
Let o(p) be the third derivative of -p**4/6 + 11*p**3/6 - 12*p**2. Let j(r) = -5*r + 12. Let f(k) = -5*j(k) + 6*o(k). What is f(-5)?
1
Let u(c) be the third derivative of c**5/60 - 5*c**4/24 - c**3/3 + 302*c**2. Calculate u(6).
4
Let f = -825 + 834. Let j(r) = 2*r**2 - 19*r + 10. Calculate j(f).
1
Let u(c) = c**3 - 5*c**2 - 3*c + 6. Let h(d) = -5*d + 3. Let g be h(3). Let v be 3/((-69)/g - 5). What is u(v)?
-22
Let l(d) = d**3 - 8*d**2 - 19*d - 4. Let w be l(10). Let c(i) = 4*i**3 - i - 3*i**3 + 7*i - 7*i**2 + 6. Give c(w).
6
Let x be (10/(-15))/(1/9). Let o(q) = 4*q. Calculate o(x).
-24
Let v(y) be the second derivative of -25*y + 3*y**2 + 1/6*y**3 + 0. Let c = -10 - -16. Calculate v(c).
12
Let y = 357 + -351. Let g(d) be the first derivative of y + 0*d - 1/3*d**3 - d**2. Give g(-1).
1
Suppose -816 = -63*h + 12*h. Let t(r) = r**2 - 14*r - 35. What is t(h)?
-3
Let b(s) = -s + 8. Let w(h) be the first derivative of -h**2/2 + 5*h + 25. Let t(f) = -5*b(f) + 8*w(f). Give t(-6).
18
Let r(c) = -2*c + 0 + 0. Let q be (-7)/(21/12) - -2. Let s be (-13)/(-5) - q/5. Determine r(s).
-6
Let x = -260 - -255. Let w(s) = s**3 + 4*s**2 - 5*s + 5. What is w(x)?
5
Let o(d) = 3 - 5 + d**3 + 7*d**2 + 0 - 3*d**2. Suppose 11*a - 9*a + 4 = 0. Give o(a).
6
Let y be (-4)/(-14) - 1760/280. Let w(p) = -3*p**2 - 7*p - 3 - 3 + 2*p**2. Calculate w(y).
0
Let r be 3/(-24) - 342/(-48). Let i(a) = a - 4. Calculate i(r).
3
Let a(g) = 23*g - 21*g + 5 - 2. Let z = 0 + 1. Let k = z + -3. Calculate a(k).
-1
Let d(b) be the second derivative of b**3/3 + 18*b**2 + 267*b. What is d(-18)?
0
Let y be ((-2)/5)/((-10)/25). Let m(x) = -x - 2. Let o(j) = -j**2 - 5*j - 7. Let h(g) = 4*m(g) - o(g). Determine h(y).
1
Suppose 0 = -a + 3*b - 13, 13 = 4*b - 7. Let j(v) = -38 - 3*v + 2*v + a*v + 25. Determine j(6).
-7
Let g(y) be the third derivative of y**5/60 - y**4/24 - 2*y**3/3 - 3*y**2. Suppose -18 = 3*a - a - 2*n, -13 = 2*a - n. Let u = 4 + a. Calculate g(u).
-4
Let t(c) = 8*c + 10*c - 6*c - 2777*c**2 - 8 + 2776*c**2. Calculate t(11).
3
Let d(a) be the first derivative of -1/3*a**3 - 4*a - 1/2*a**2 + 22. Suppose 0*l + 3*l = 0. What is d(l)?
-4
Let y(f) be the third derivative of -f**6/120 - f**5/10 + f**4/24 - f**3/2 + 6*f**2. Suppose -g + 9 = 15. What is y(g)?
-9
Let a(m) = -5 - 19*m**2 - 4 - 21*m + 29*m + 20*m**2. Give a(-8).
-9
Let a(n) be the first derivative of -n**3/3 + 7*n - 148. Calculate a(0).
7
Let k(t) be the second derivative of -t**5/20 - t**4/6 + t**3 + 3*t**2/2 + 348*t. What is k(-4)?
11
Suppose 6 = 4*u - 2. Let w be 7 + 2/(-1) + -2 + -1. Let h(t) = 0 + w*t**2 - 7 - 5*t + 10 + t. Calculate h(u).
3
Let a = 250 - 243. Let v(j) = j**2 - 11*j + 8. Give v(a).
-20
Let h(p) be the second derivative of -p**3/6 + p**2 - 42*p. What is h(-7)?
9
Suppose 0 = 5*g - 15, -d = -4*g + 5 + 14. Let p(c) = -7*c**2 + 0*c**3 + 0*c**3 + 2 - c**3. What is p(d)?
2
Let m(t) be the third derivative of 1/120*t**6 + t**2 + 7/60*t**5 - 7/24*t**4 + 0 + 0*t + 5/3*t**3. Let v be m(-8). Let c(o) = -2*o + 2. Calculate c(v).
-2
Let t(w) = -w**3 - 5*w**2 - 6*w - 3. Suppose 4*a - 4*f + 5 = -f, 0 = -3*f - 15. Let m = 7 + a. Suppose m*c + 10 = -z - z, -5 = 5*z. Give t(c).
5
Let y(h) = h + 1. Let u(q) be the second derivative of q**4/6 - 13*q**3/6 + 2*q**2 + 6*q. Let n be u(6). Determine y(n).
-1
Let i(o) be the second derivative of -o**3/3 + 5*o**2/2 - 46*o + 2. What is i(12)?
-19
Let t(l) = -l**3 - 4*l**2 + 5*l - 10. Let y = 217 - 222. Determine t(y).
-10
Let r(x) = 2*x**2 - 6*x + 20. Let l be r(6). Let t = -54 + l. Let m(i) = 0 - 1 + 4*i**2 - 3*i**2. Calculate m(t).
3
Let v(d) = -72*d**2 - 5*d**2 - 5*d**2 + 11*d + 81*d**2 + 5. Calculate v(13).
-21
Let g(k) = -k**2 - 6*k - 6. Let h(z) = -4*z + 41. Let m be h(12). Give g(m).
-13
Let v(w) = -w**3 - 6*w**2 - 5*w - 3. Suppose 0 = -8*g - 42 + 2. Let a be v(g). Let d(n) = n + 7. What is d(a)?
4
Let s = 8 - 11. Let a(d) be the second derivative of d**5/20 + d**4/3 + d**3/2 + 2*d**2 - 39*d. What is a(s)?
4
Let o(n) = n**2 + n - 26. Let f be o(-6). Suppose 2*w - 30 = f*v, -4*w - 2*v + 33 - 3 = 0. Let j(m) = -m**3 + 8*m**2 + 10*m + 4. Determine j(w).
13
Let t be (-2)/2*(-1)/(6 - 5). Let b(p) = 19*p**3 + p**2 - p + 1. Determine b(t).
20
Let z(u) = u**2. Let p(s) = 4*s**2 - 5*s + 3. Let m(b) = -p(b) + 5*z(b). Let x(l) be the first derivative of m(l). Determine x(-5).
-5
Suppose 0 = -h - h - 8. Let y be (8/(-8))/(2/h) + -4. Let f(p) = -p**2 + 4*p + 5. Let m(n) = n + 1. Let c(t) = f(t) - 4*m(t). Determine c(y).
-3
Let c(z) = -4*z**3 - 2*z**2 - 2*z - 1. Let r = 197 + -198. Determine c(r).
3
Let p(a) be the second derivative of a**5/20 + 2*a**4/3 + a**3/6 - 2*a**2 + 388*a. Determine p(-8).
-12
Let x be (-34)/8 + (-2)/(-8). Let w(c) = -3*c**2 - 11*c - 1. Let j(f) = -4*f**2 - 14*f - 1. Let d(v) = 2*j(v) - 3*w(v). Determine d(x).
-3
Let n = -15 - -4. Let o(k) = -k + 9. Let w(c) = 2*c - 17. Let j(i) = n*o(i) - 6*w(i). Give j(-6).
9
Let k(y) = -962*y**2 + 1925*y**2 - 3 - 5*y - 970*y**2. Give k(-3).
-51
Let h(u) = -u**2 + 6*u + 4. Let x = 195 - 189. Determine h(x).
4
Let o(v) = -5*v + 7. Let k(u) = -u + 1. Let c(f) = 4*k(f) - o(f). Let t be 8/((-8)/2) - (5 + -7). What is c(t)?
-3
Let v(u) be the first derivative of 3*u**4 - 1/2*u**2 + 0*u**3 - u + 11. Determine v(-1).
-12
Let p(v) be the third derivative of -6*v**2 